f 95357232?
5
What is the units digit of 2258570?
0
What is the hundred thousands digit of 859123713?
1
What is the units digit of 367755025?
5
What is the tens digit of 571002146?
4
What is the hundreds digit of 534175700?
7
What is the hundreds digit of 650201037?
0
What is the tens digit of 44002370?
7
What is the tens digit of 148603051?
5
What is the ten thousands digit of 180803732?
0
What is the tens digit of 113318340?
4
What is the hundred thousands digit of 857644572?
6
What is the tens digit of 31575278?
7
What is the ten thousands digit of 38320732?
2
What is the units digit of 377119586?
6
What is the hundred millions digit of 3116474696?
1
What is the billions digit of 2751007210?
2
What is the units digit of 90899159?
9
What is the ten millions digit of 77657938?
7
What is the hundreds digit of 4147070855?
8
What is the hundred millions digit of 343860507?
3
What is the ten millions digit of 118139830?
1
What is the hundreds digit of 2342095?
0
What is the units digit of 605990674?
4
What is the hundred thousands digit of 690169454?
1
What is the millions digit of 104931631?
4
What is the hundreds digit of 66872361?
3
What is the ten millions digit of 785405565?
8
What is the ten thousands digit of 72659763?
5
What is the ten thousands digit of 303686500?
8
What is the hundreds digit of 1959705538?
5
What is the hundreds digit of 772271447?
4
What is the tens digit of 37686183?
8
What is the hundred millions digit of 1324425000?
3
What is the tens digit of 125510583?
8
What is the tens digit of 351611587?
8
What is the ten millions digit of 97001191?
9
What is the thousands digit of 29578928?
8
What is the billions digit of 2125960617?
2
What is the ten thousands digit of 34400331?
0
What is the tens digit of 1000948?
4
What is the hundred millions digit of 1093080825?
0
What is the millions digit of 1188464153?
8
What is the hundreds digit of 244709500?
5
What is the millions digit of 68919451?
8
What is the thousands digit of 56070656?
0
What is the ten millions digit of 82969434?
8
What is the thousands digit of 92282154?
2
What is the units digit of 7309950337?
7
What is the millions digit of 205968319?
5
What is the hundred millions digit of 849857372?
8
What is the units digit of 60317763?
3
What is the millions digit of 7896007953?
6
What is the hundreds digit of 203136338?
3
What is the millions digit of 446683563?
6
What is the hundreds digit of 1051842636?
6
What is the millions digit of 471058155?
1
What is the ten millions digit of 6826121534?
2
What is the thousands digit of 2283166395?
6
What is the tens digit of 35706545?
4
What is the hundred thousands digit of 266507978?
5
What is the tens digit of 2190595556?
5
What is the ten thousands digit of 16429721?
2
What is the hundred millions digit of 3026309172?
0
What is the hundreds digit of 109727459?
4
What is the tens digit of 5366975?
7
What is the units digit of 194465408?
8
What is the thousands digit of 3600188636?
8
What is the ten millions digit of 2709080868?
0
What is the tens digit of 1403150594?
9
What is the tens digit of 1812997451?
5
What is the ten millions digit of 758765930?
5
What is the hundred thousands digit of 133540740?
5
What is the hundreds digit of 61888819?
8
What is the units digit of 39157185?
5
What is the ten thousands digit of 52766459?
6
What is the hundred thousands digit of 2388019303?
0
What is the millions digit of 258108798?
8
What is the ten thousands digit of 199198789?
9
What is the millions digit of 1464440347?
4
What is the ten thousands digit of 11473250?
7
What is the thousands digit of 354696473?
6
What is the ten thousands digit of 173377298?
7
What is the millions digit of 75751711?
5
What is the tens digit of 220324053?
5
What is the millions digit of 1490784461?
0
What is the units digit of 206181253?
3
What is the millions digit of 5241392627?
1
What is the tens digit of 1009332881?
8
What is the thousands digit of 648018573?
8
What is the tens digit of 126324771?
7
What is the hundred thousands digit of 719577418?
5
What is the hundreds digit of 127089969?
9
What is the millions digit of 180657973?
0
What is the billions digit of 1659656579?
1
What is the ten millions digit of 300508290?
0
What is the ten thousands digit of 51335627?
3
What is the ten millions digit of 44757734?
4
What is the ten millions digit of 1590395342?
9
What is the millions digit of 128024667?
8
What is the units digit of 138962288?
8
What is the units digit of 68417086?
6
What is the tens digit of 847218513?
1
What is the thousands digit of 13041009?
1
What is the thousands digit of 62105687?
5
What is the thousands digit of 54125650?
5
What is the hundred thousands digit of 11687488?
6
What is the tens digit of 849702738?
3
What is the tens digit of 1005075605?
0
What is the ten thousands digit of 808097540?
9
What is the hundreds digit of 225911623?
6
What is the ten thousands digit of 35844370?
4
What is the ten thousands digit of 27634412?
3
What is the hundred thousands digit of 2421999085?
9
What is the millions digit of 245789572?
5
What is the ten thousands digit of 138903297?
0
What is the units digit of 116831038?
8
What is the hundred thousands digit of 9703588?
7
What is the tens digit of 2059229085?
8
What is the thousands digit of 2567809946?
9
What is the units digit of 413216437?
7
What is the thousands digit of 2669561799?
1
What is the hundreds digit of 259332293?
2
What is the hundred millions digit of 3276682958?
2
What is the units digit of 4227304739?
9
What is the hundreds digit of 1502474053?
0
What is the ten thousands digit of 23548354?
4
What is the thousands digit of 211310782?
0
What is the ten millions digit of 245916396?
4
What is the tens digit of 3846631367?
6
What is the millions digit of 1021167277?
1
What is the ten millions digit of 82730616?
8
What is the ten millions digit of 89604271?
8
What is the hundreds digit of 680945678?
6
What is the ten thousands digit of 6238836330?
3
What is the units digit of 41685012?
2
What is the tens digit of 521849818?
1
What is the hundred millions digit of 1086595099?
0
What is the ten millions digit of 107260955?
0
What is the hundred thousands digit of 209646091?
6
What is the ten millions digit of 718027001?
1
What is the thousands digit of 7618043407?
3
What is the hundreds digit of 36415998?
9
What is the ten thousands digit of 76501827?
0
What is the hundred millions digit of 387566445?
3
What is the ten thousands digit of 296057818?
5
What is the ten thousands digit of 78254286?
5
What is the tens digit of 551994738?
3
What is the tens digit of 534936775?
7
What is the units digit of 234831733?
3
What is the ten thousands digit of 331485318?
8
What is the units digit of 1728114873?
3
What is the hundred thousands digit of 4010380030?
3
What is the tens digit of 471947989?
8
What is the units digit of 84895482?
2
What is the hundred thousands digit of 1004416144?
4
What is the ten millions digit of 126002906?
2
What is the tens digit of 70668260?
6
What is the millions digit of 168949467?
8
What is the hundreds digit of 12667582?
5
What is the hundred millions digit of 1037768732?
0
What is the tens digit of 428971018?
1
What is the hundreds digit of 9164758?
7
What is the units digit of 1490693657?
7
What is the tens digit of 188340251?
5
What is the hundreds digit of 1353179049?
0
What is the hundreds digit of 356390238?
2
What is the hundred thousands digit of 4621399947?
3
What is the ten millions digit of 77406670?
7
What is the hundred thousands digit of 143021443?
0
What is the millions digit of 2223317360?
3
What is the ten thousands digit of 322340524?
4
What is the units digit of 3338589491?
1
What is the thousands digit of 1937086796?
6
What is the millions digit of 528794927?
8
What is the millions digit of 112212550?
2
What is the hundreds digit of 19018878?
8
What is the tens digit of 18338314?
1
What is the hundreds digit of 858332893?
8
What is the hundred thousands digit of 119663866?
6
What is the tens digit of 51593947?
4
What is the thousands digit of 5341317?
1
What is the thousands digit of 611176779?
6
What is the thousands digit of 410273854?
3
What is the tens digit of 72907700?
0
What is the ten millions digit of 3591792265?
9